he remainder when (-9)/(-1 - b) - -35 is divided by 13.
12
Let c be (1/3)/((-1)/(-3)). Let d be (0 - (2 + -2))*c. Let l = d + 9. Calculate the remainder when 25 is divided by l.
7
Suppose -d - 320 = -3*d. Suppose -d = -9*a + 4*a. Suppose -4*x + 55 = x. Calculate the remainder when a is divided by x.
10
Suppose -2*n + 2*k + 256 = 0, -2*n - 4*k + 488 = 2*n. Suppose 2*l - n = -2*f - 13, 2*l - 116 = 2*f. What is the remainder when l is divided by 15?
12
Suppose 5*g + 16 + 4 = 0, -k - 5*g - 16 = 0. Suppose 19 = k*q - 9. Suppose 2*x = -3*i + x + 63, 3*x + 31 = 2*i. What is the remainder when i is divided by q?
6
What is the remainder when 23 is divided by 2/6 - 136/(-24)?
5
Let l = 64 - 51. What is the remainder when 38 is divided by l?
12
Suppose f + 0*f - 18 = 3*i, -f = 5*i - 58. What is the remainder when 6/f - (-372)/11 is divided by 9?
7
Suppose 3*n + j = 70, 0*j + 50 = 3*n + 5*j. What is the remainder when n is divided by 1/4 + (-35)/(-4)?
7
Suppose -25 - 47 = -3*i. Calculate the remainder when 119 is divided by i.
23
Suppose 0 = -2*f + g - 0 + 2, f - 5*g = 10. Let j(o) = o + 16. Let v be j(f). Suppose -v = -k + 9. Calculate the remainder when k is divided by 9.
7
Suppose 0*w + 4*w - 28 = -2*q, 0 = q - 4. Suppose w*t - 167 - 77 = 3*x, -108 = -2*t - 4*x. What is the remainder when t is divided by 13?
11
Let g(x) = x**2 + 11*x - 14. Let z be g(-12). Suppose -3*b = -2*l - 14, 0 = -2*b - 2*l + 6*l + 20. What is the remainder when 0 + 1 + (-4)/z is divided by b?
1
What is the remainder when 73 is divided by 22/(-11) - 21*-1?
16
Let j(v) = v**3 - 4*v**2 + v + 3. Suppose -3*g - 18 = -g. Let h = -5 - g. Calculate the remainder when 12 is divided by j(h).
5
Let t be (-158)/4 - (-1)/(-2). Let x be ((-15)/2)/(6/t). Let q = 70 - x. Calculate the remainder when 58 is divided by q.
18
Suppose -6 = -n - n. Let h(l) = -l**3 - 5*l**2 - l + 3. Calculate the remainder when h(-5) is divided by n.
2
Let y = -20 - -27. What is the remainder when 11 is divided by y?
4
Let t(d) = -25*d**2 + d - 1. Let c be t(2). What is the remainder when c/(-2) - 3/2 is divided by 13?
9
Suppose -330 = -0*m - 6*m. Let n(k) = k**2 + 5*k + 5. Calculate the remainder when m is divided by n(-7).
17
Suppose -2*b = -6*b + 44. Calculate the remainder when 43 is divided by b.
10
Let a(l) = 3*l**2 + 4*l - 1. Calculate the remainder when ((-16)/3)/(8/(-60)) is divided by a(-3).
12
Suppose 3*b = -5*y + 2*y, -4*y + 4 = 5*b. What is the remainder when 1/b - 398/(-8) is divided by 18?
14
Calculate the remainder when 4 is divided by (-4)/(-10) + (-78)/(-30).
1
Calculate the remainder when -3 + (3 + 9)/2 is divided by 3.
0
Let w(v) = -v**2 + 3*v + 4. Let b = 22 + -17. What is the remainder when b is divided by w(3)?
1
Suppose 5*r - 68 = -4*t + 108, 0 = -t + 4*r + 65. Calculate the remainder when t is divided by 25.
24
Suppose -3*i - 12 = -9*i. Suppose 0*x = x - 3. What is the remainder when x is divided by i?
1
Suppose 2*j = 4*h + 19 - 79, 3*j = 12. Let q(z) = z**3 - 5*z**2 - z + 2. What is the remainder when q(6) is divided by h?
15
Suppose -117 = -6*z + 327. Calculate the remainder when z is divided by 19.
17
Let g(a) = a + 1. What is the remainder when g(1) is divided by 2?
0
Let g = -38 + 97. What is the remainder when g is divided by 30?
29
Let q = -43 - -62. Calculate the remainder when 70 is divided by q.
13
Suppose -21 = 4*w - 5, 5*w + 20 = 5*d. Suppose d = -y - 2*b + 1, -3*y - 2*y - b + 23 = 0. What is the remainder when y is divided by 3?
2
Suppose -g = 7*g - 648. What is the remainder when g is divided by 41?
40
Let k = -109 + 50. Let r = -31 - k. Suppose 0*s = 4*s - 40. What is the remainder when r is divided by s?
8
Let l(p) = -p - 7. Let c be l(-7). Suppose 5*w - 3*w - 38 = c. What is the remainder when w is divided by 7?
5
Suppose 6*w - 2*u = w + 20, w - 12 = 2*u. Let f(q) = -q + q + q + 0. What is the remainder when f(2) is divided by w?
0
Let p = 28 - 6. Calculate the remainder when p is divided by 7.
1
Suppose 0 = 8*u - 4*u - 64. What is the remainder when u is divided by 6?
4
Suppose 96 = 4*u + 3*s, 2*u - 30 = 3*s - 0. What is the remainder when 61 is divided by u?
19
Suppose 7 = -j + 1. Let s be 1*2/(j/(-117)). Suppose 4*i - s = i. Calculate the remainder when 37 is divided by i.
11
Let o(n) = -2*n**3. Let c be o(-1). Suppose i = -c*p - p - 8, 2*p + 24 = 2*i. Let a = 16 - i. Calculate the remainder when 24 is divided by a.
6
Let i(j) = j**3 + 9*j**2 + 5*j - 8. Let z = 12 + -20. Calculate the remainder when i(z) is divided by 6.
4
Suppose 3*g + p - 4 = 2*g, p = g - 4. Suppose -2*i + 1 = -g*c + 3*c, -4*i - 12 = -4*c. What is the remainder when 13 is divided by c?
6
Suppose 2*g - 6 = 18. Suppose -1 = -q + 2. Suppose -4*x + 7 = -q*x. What is the remainder when g is divided by x?
5
Let c = -7 - -12. Let x(b) = -5*b + 4*b + 2*b**2 - b**2 + 0*b**2 + 1. Calculate the remainder when c is divided by x(2).
2
Let a(w) = -6*w - 15. Calculate the remainder when 28 is divided by a(-5).
13
Suppose 8*n - 11*n + 12 = 0. Calculate the remainder when 6 is divided by ((-6)/n)/(5/(-10)).
0
Let l = -16 - -18. What is the remainder when 4 + 20 + (1 - l) is divided by (-5 - -2)*(1 - 3)?
5
What is the remainder when (186/(-9))/((-16)/(-9) + -2) is divided by 48?
45
Let c(b) = -5*b - 8. Calculate the remainder when 22 is divided by c(-4).
10
Suppose 4 = 4*i - 4*s, 5*i - 3*s + 0*s = 15. Suppose 2*p + 4*b - 18 = 0, 0 = -p - 3*p - 4*b + 32. Calculate the remainder when p/2*60/21 is divided by i.
4
What is the remainder when 135 is divided by 34/((-3)/(-3))*1?
33
Suppose 0 = 3*r + d + 2 - 70, -2*r + 32 = -2*d. Calculate the remainder when 82 is divided by r.
19
Let l(j) = j. Let h(p) = -2*p - 19. Let n(d) = -h(d) - l(d). What is the remainder when n(0) is divided by 5?
4
Suppose 90 = 5*l - 5*g, 5*l + g - 93 = 3*g. What is the remainder when 74 is divided by l?
17
Let a(p) = 2*p + 8. Let o be a(-8). Suppose -4*i = i - 75. Let y = i + o. What is the remainder when 18 is divided by y?
4
Let b = 18 - 12. Let r = 49 + b. Calculate the remainder when r is divided by 19.
17
Suppose 2*s - 6 = -5*q, -5*s + 73 = q - 3*q. Let c(v) = v**2 - 7*v + 22. What is the remainder when c(7) is divided by s?
9
Suppose 2*u - n - 33 = 0, 2*n = 2*u - 49 + 15. What is the remainder when 37 is divided by u?
5
Let c(t) = t**2 + 8*t + 2. Let b be c(-8). Suppose 5*y - 4*y + 43 = 2*q, 4*q + b*y - 82 = 0. Let o = q - 8. What is the remainder when 25 is divided by o?
12
Let i(b) = -b**2 + 2*b + 2. Let o be i(3). What is the remainder when 6*(-6)/(-3) + o is divided by 4?
3
Let x be 8 - (1 + -10)/(-3). Suppose 0 = -x*h - 104 + 359. Calculate the remainder when h/2 + (-6)/(-12) is divided by 7.
5
What is the remainder when 60 is divided by ((-7)/(-2))/((-8)/(-48))?
18
Let h = 19 - 4. Let d(y) = y + 16. What is the remainder when h is divided by d(-12)?
3
Let y(b) = b**3 + 6*b**2 - 2*b - 7. Suppose -10 = -2*r + 4*t, 0*r = -3*r + 5*t + 14. What is the remainder when y(-6) is divided by r?
2
Let y be 3 - 2 - (1 + -4). Suppose 7 = 3*f + 2*v, -y*f - v + 11 = -0*f. Let n(k) = 10*k - 38. Calculate the remainder when f is divided by n(4).
1
Calculate the remainder when 65 + (-24)/(-3) + -4 is divided by 18.
15
Suppose -6*q = -10*q + 44. Let c be -6*(0 + 20/6). What is the remainder when c/(-6)*(-54)/(-9) is divided by q?
9
Let g = 286 + -252. Suppose 0*w = -5*w + 675. Calculate the remainder when w is divided by g.
33
Suppose 4*l = 3*q - 34, l - 8 = -2*q - 0*l. What is the remainder when 14 is divided by q?
2
Let q(f) = f + 8. Let u be q(-8). Calculate the remainder when 19*4/(u - -2) is divided by 20.
18
Let j be 26/6 - (-2)/3. Suppose j*x = 3*a - 348, 0*a + 4*x = 4*a - 456. Let z = a - 44. Calculate the remainder when z is divided by 17.
16
Let o = 26 + -11. What is the remainder when o is divided by 6?
3
Suppose -3*x + 0*x + 60 = 5*l, l + x = 10. What is the remainder when 43 is divided by l?
13
Let g(n) = 9*n + 1. Calculate the remainder when 64/(-12)*(-63)/12 is divided by g(1).
8
Suppose d = 6*d + u - 280, 0 = -2*d - 3*u + 99. What is the remainder when d is divided by (9/4)/(-3)*-20?
12
Suppose -6*v = -v - 35. Calculate the remainder when 58 is divided by v*7/(49/12).
10
Let n(f) = -f - 4. Let v be n(-8). Suppose b - 2 = 2*m, -5*b + 25 = 3*